{"id":632,"date":"2025-03-29T16:19:32","date_gmt":"2025-03-29T15:19:32","guid":{"rendered":"https:\/\/v2.doymedia.com\/?page_id=632"},"modified":"2025-07-29T21:56:24","modified_gmt":"2025-07-29T19:56:24","slug":"jogi-figyelmeztetes","status":"publish","type":"page","link":"https:\/\/doymedia.com\/hu\/aviso-legal\/","title":{"rendered":"Jogi k\u00f6zlem\u00e9ny"},"content":{"rendered":"<h1>\ud83d\udd12 Jogi nyilatkozat<\/h1>\n<p><strong>Utols\u00f3 friss\u00edt\u00e9s: 2025. m\u00e1rcius 29.<\/strong><\/p>\n<p class=\"translation-block\">Az <strong>az inform\u00e1ci\u00f3s t\u00e1rsadalom \u00e9s az elektronikus kereskedelem szolg\u00e1ltat\u00e1sair\u00f3l (LSSI-CE)<\/strong> sz\u00f3l\u00f3, j\u00falius 11-i <strong> 34\/2002<\/strong> t\u00f6rv\u00e9ny 10. cikk\u00e9nek rendelkez\u00e9seivel \u00f6sszhangban a felhaszn\u00e1l\u00f3k t\u00e1j\u00e9koztat\u00e1st kapnak a weboldal tulajdonos\u00e1nak adatair\u00f3l:<\/p>\n<h3>1. AZONOS\u00cdT\u00d3 ADATOK<\/h3>\n<p><img decoding=\"async\" class=\"alignnone wp-image-1362\" src=\"https:\/\/doymedia.com\/wp-content\/uploads\/2025\/07\/doymedia.png\" alt=\"DoyMedia\" width=\"700\" height=\"138\" title=\"\" srcset=\"https:\/\/doymedia.com\/wp-content\/uploads\/2025\/07\/doymedia.png 1568w, https:\/\/doymedia.com\/wp-content\/uploads\/2025\/07\/doymedia-300x59.png 300w, https:\/\/doymedia.com\/wp-content\/uploads\/2025\/07\/doymedia-1024x201.png 1024w, https:\/\/doymedia.com\/wp-content\/uploads\/2025\/07\/doymedia-18x4.png 18w, https:\/\/doymedia.com\/wp-content\/uploads\/2025\/07\/doymedia-600x118.png 600w\" sizes=\"(max-width: 700px) 100vw, 700px\" \/><\/p>\n<h3>2. T\u00c1RGY<\/h3>\n<p class=\"translation-block\">A jelen jogi k\u00f6zlem\u00e9ny a <strong>DoyMedia.com<\/strong> weboldal haszn\u00e1lat\u00e1t szab\u00e1lyozza, bele\u00e9rtve a tartalomhoz val\u00f3 hozz\u00e1f\u00e9r\u00e9st, a szolg\u00e1ltat\u00e1sokat \u00e9s a v\u00e1s\u00e1rl\u00e1si felt\u00e9teleket.<\/p>\n<p>Az oldal b\u00f6ng\u00e9sz\u00e9s\u00e9vel a felhaszn\u00e1l\u00f3 teljes m\u00e9rt\u00e9kben \u00e9s fenntart\u00e1s n\u00e9lk\u00fcl elfogadja a jelen dokumentumban foglalt valamennyi rendelkez\u00e9st. Ha a felhaszn\u00e1l\u00f3 nem \u00e9rt egyet, tart\u00f3zkodnia kell a weboldal haszn\u00e1lat\u00e1t\u00f3l.<\/p>\n<h3>3. HASZN\u00c1LATI FELT\u00c9TELEK<\/h3>\n<p>A weboldalhoz val\u00f3 hozz\u00e1f\u00e9r\u00e9s ingyenes, b\u00e1r egyes szolg\u00e1ltat\u00e1sok szerz\u0151d\u00e9shez k\u00f6t\u00f6ttek. A felhaszn\u00e1l\u00f3 v\u00e1llalja, hogy:<\/p>\n<ul>\n<li>Haszn\u00e1lja az oldalt t\u00f6rv\u00e9nyes, etikus \u00e9s j\u00f3hiszem\u0171 m\u00f3don.<\/li>\n<li>Nem haszn\u00e1lja az oldalt olyan tev\u00e9kenys\u00e9gek v\u00e9gz\u00e9s\u00e9re, amelyek ellent\u00e9tesek a t\u00f6rv\u00e9nnyel, harmadik felek jogaival, vagy amelyek k\u00e1ros\u00edthatj\u00e1k az DoyMedia.com arculat\u00e1t vagy m\u0171k\u00f6d\u00e9s\u00e9t.<\/li>\n<li>Nem juttathat be v\u00edrusokat, rosszindulat\u00fa programokat, \u00e9s nem v\u00e9gezhet olyan m\u0171veleteket, amelyek megv\u00e1ltoztatj\u00e1k a weboldal tartalm\u00e1t vagy szerkezet\u00e9t.<\/li>\n<\/ul>\n<h3>4. SZELLEMI \u00c9S IPARI TULAJDON<\/h3>\n<p class=\"translation-block\">Az oldal minden tartalma (sz\u00f6vegek, k\u00e9pek, vide\u00f3k, szoftverek, design, strukt\u00fara, forr\u00e1sk\u00f3d, log\u00f3k \u00e9s v\u00e9djegyek) a <strong>DoyMedia<\/strong> vagy harmadik felek szellemi \u00e9s ipari tulajdonjogai \u00e1ltal v\u00e9dett.<\/p>\n<p class=\"translation-block\">A sokszoros\u00edt\u00e1s, terjeszt\u00e9s vagy m\u00f3dos\u00edt\u00e1s <strong>tilos<\/strong> a tulajdonos kifejezett enged\u00e9lye n\u00e9lk\u00fcl.<\/p>\n<h3>5. HARMADIK FELEKRE MUTAT\u00d3 LINKEK<\/h3>\n<p class=\"translation-block\">Ez az oldal tartalmazhat harmadik felek oldalaira mutat\u00f3 linkeket. <strong>DoyMedia nem felel\u0151s<\/strong> az ilyen oldalak tartalm\u00e1\u00e9rt, politik\u00e1j\u00e1\u00e9rt vagy adatv\u00e9delmi gyakorlat\u00e1\u00e9rt, sem az \u00d6n szem\u00e9lyes adatainak ilyen oldalak \u00e1ltali felhaszn\u00e1l\u00e1s\u00e1\u00e9rt.<\/p>\n<h3>6. FELEL\u0150SS\u00c9G KIZ\u00c1R\u00c1SA<\/h3>\n<p class=\"translation-block\"><strong>DoyMedia nem garant\u00e1lja a weboldal folyamatos el\u00e9rhet\u0151s\u00e9g\u00e9t<\/strong>, \u00e9s nem v\u00e1llal felel\u0151ss\u00e9get a technikai hib\u00e1k\u00e9rt, v\u00edrusok\u00e9rt, a szolg\u00e1ltat\u00e1s megszak\u00edt\u00e1s\u00e1\u00e9rt vagy b\u00e1rmilyen k\u00e1r\u00e9rt, amely a weboldal vagy az integr\u00e1lt harmadik f\u00e9lt\u0151l sz\u00e1rmaz\u00f3 szolg\u00e1ltat\u00e1sok haszn\u00e1lat\u00e1b\u00f3l eredhet.<\/p>\n<p>Nem garant\u00e1ljuk, hogy a tartalom pontos, naprak\u00e9sz vagy hibamentes, b\u00e1r folyamatosan dolgozunk a val\u00f3s\u00e1gtartalom \u00e9s a pontoss\u00e1g fenntart\u00e1s\u00e1n.<\/p>\n<h3>7. ADATV\u00c9DELMI \u00c9S S\u00dcTIKRE VONATKOZ\u00d3 POLITIKA<\/h3>\n<p class=\"translation-block\">A szem\u00e9lyes adatok feldolgoz\u00e1sa az <strong>\u00e1ltal\u00e1nos adatv\u00e9delmi rendelet (GDPR)<\/strong> \u00e9s a <strong>LOPDGDD<\/strong> szerint t\u00f6rt\u00e9nik. R\u00e9szletes inform\u00e1ci\u00f3k\u00e9rt megtekintheti <a href=\"#\" rel=\"noopener\" target=\"_self\">Adatv\u00e9delmi szab\u00e1lyzatunkat<\/a> \u00e9s <a href=\"#\" rel=\"noopener\" target=\"_self\">S\u00fctikre vonatkoz\u00f3 szab\u00e1lyzatunkat<\/a>.<\/p>\n<h3>8. ALKALMAZAND\u00d3 JOG \u00c9S JOGHAT\u00d3S\u00c1G<\/h3>\n<p class=\"translation-block\">Erre az oldalra a spanyol jog az ir\u00e1nyad\u00f3. B\u00e1rmilyen konfliktus vagy k\u00f6vetel\u00e9s eset\u00e9n a felek kifejezetten al\u00e1vetik magukat a <strong>Santa Cruz de Tenerife b\u00edr\u00f3s\u00e1gainak \u00e9s t\u00f6rv\u00e9nysz\u00e9keinek<\/strong>, lemondva minden m\u00e1s, nekik esetleg megfelel\u0151 joghat\u00f3s\u00e1gr\u00f3l.<\/p>","protected":false},"excerpt":{"rendered":"<p>\ud83d\udd12 Jogi k\u00f6zlem\u00e9ny Utols\u00f3 friss\u00edt\u00e9s: 2025. m\u00e1rcius 29. Az inform\u00e1ci\u00f3s t\u00e1rsadalom szolg\u00e1ltat\u00e1sair\u00f3l \u00e9s az elektronikus kereskedelemr\u0151l sz\u00f3l\u00f3, j\u00falius 11-i 34\/2002. sz. t\u00f6rv\u00e9ny (LSSI-CE) 10. cikk\u00e9nek rendelkez\u00e9seivel \u00f6sszhangban a felhaszn\u00e1l\u00f3k t\u00e1j\u00e9koztat\u00e1st kapnak a weboldal tulajdonos\u00e1nak adatair\u00f3l: 1.....<\/p>","protected":false},"author":1,"featured_media":0,"parent":0,"menu_order":0,"comment_status":"closed","ping_status":"closed","template":"","meta":{"_acf_changed":false,"footnotes":""},"class_list":["post-632","page","type-page","status-publish","hentry"],"acf":[],"_links":{"self":[{"href":"https:\/\/doymedia.com\/hu\/wp-json\/wp\/v2\/pages\/632","targetHints":{"allow":["GET"]}}],"collection":[{"href":"https:\/\/doymedia.com\/hu\/wp-json\/wp\/v2\/pages"}],"about":[{"href":"https:\/\/doymedia.com\/hu\/wp-json\/wp\/v2\/types\/page"}],"author":[{"embeddable":true,"href":"https:\/\/doymedia.com\/hu\/wp-json\/wp\/v2\/users\/1"}],"replies":[{"embeddable":true,"href":"https:\/\/doymedia.com\/hu\/wp-json\/wp\/v2\/comments?post=632"}],"version-history":[{"count":6,"href":"https:\/\/doymedia.com\/hu\/wp-json\/wp\/v2\/pages\/632\/revisions"}],"predecessor-version":[{"id":1367,"href":"https:\/\/doymedia.com\/hu\/wp-json\/wp\/v2\/pages\/632\/revisions\/1367"}],"wp:attachment":[{"href":"https:\/\/doymedia.com\/hu\/wp-json\/wp\/v2\/media?parent=632"}],"curies":[{"name":"wp","href":"https:\/\/api.w.org\/{rel}","templated":true}]}}

Jogi közlemény

<h1>🔒 Jogi nyilatkozat</h1>
<p><strong>Utolsó frissítés: 2025. március 29.</strong></p>
<p class="translation-block">Az <strong>az információs társadalom és az elektronikus kereskedelem szolgáltatásairól (LSSI-CE)</strong> szóló, július 11-i <strong> 34/2002</strong> törvény 10. cikkének rendelkezéseivel összhangban a felhasználók tájékoztatást kapnak a weboldal tulajdonosának adatairól:</p>
<h3>1. AZONOSÍTÓ ADATOK</h3>
<p><img decoding="async" class="alignnone wp-image-1362" src="https://doymedia.com/wp-content/uploads/2025/07/doymedia.png" alt="DoyMedia" width="700" height="138" title="" srcset="https://doymedia.com/wp-content/uploads/2025/07/doymedia.png 1568w, https://doymedia.com/wp-content/uploads/2025/07/doymedia-300x59.png 300w, https://doymedia.com/wp-content/uploads/2025/07/doymedia-1024x201.png 1024w, https://doymedia.com/wp-content/uploads/2025/07/doymedia-18x4.png 18w, https://doymedia.com/wp-content/uploads/2025/07/doymedia-600x118.png 600w" sizes="(max-width: 700px) 100vw, 700px" /></p>
<h3>2. TÁRGY</h3>
<p class="translation-block">A jelen jogi közlemény a <strong>DoyMedia.com</strong> weboldal használatát szabályozza, beleértve a tartalomhoz való hozzáférést, a szolgáltatásokat és a vásárlási feltételeket.</p>
<p>Az oldal böngészésével a felhasználó teljes mértékben és fenntartás nélkül elfogadja a jelen dokumentumban foglalt valamennyi rendelkezést. Ha a felhasználó nem ért egyet, tartózkodnia kell a weboldal használatától.</p>
<h3>3. HASZNÁLATI FELTÉTELEK</h3>
<p>A weboldalhoz való hozzáférés ingyenes, bár egyes szolgáltatások szerződéshez kötöttek. A felhasználó vállalja, hogy:</p>
<ul>
<li>Használja az oldalt törvényes, etikus és jóhiszemű módon.</li>
<li>Nem használja az oldalt olyan tevékenységek végzésére, amelyek ellentétesek a törvénnyel, harmadik felek jogaival, vagy amelyek károsíthatják az DoyMedia.com arculatát vagy működését.</li>
<li>Nem juttathat be vírusokat, rosszindulatú programokat, és nem végezhet olyan műveleteket, amelyek megváltoztatják a weboldal tartalmát vagy szerkezetét.</li>
</ul>
<h3>4. SZELLEMI ÉS IPARI TULAJDON</h3>
<p class="translation-block">Az oldal minden tartalma (szövegek, képek, videók, szoftverek, design, struktúra, forráskód, logók és védjegyek) a <strong>DoyMedia</strong> vagy harmadik felek szellemi és ipari tulajdonjogai által védett.</p>
<p class="translation-block">A sokszorosítás, terjesztés vagy módosítás <strong>tilos</strong> a tulajdonos kifejezett engedélye nélkül.</p>
<h3>5. HARMADIK FELEKRE MUTATÓ LINKEK</h3>
<p class="translation-block">Ez az oldal tartalmazhat harmadik felek oldalaira mutató linkeket. <strong>DoyMedia nem felelős</strong> az ilyen oldalak tartalmáért, politikájáért vagy adatvédelmi gyakorlatáért, sem az Ön személyes adatainak ilyen oldalak általi felhasználásáért.</p>
<h3>6. FELELŐSSÉG KIZÁRÁSA</h3>
<p class="translation-block"><strong>DoyMedia nem garantálja a weboldal folyamatos elérhetőségét</strong>, és nem vállal felelősséget a technikai hibákért, vírusokért, a szolgáltatás megszakításáért vagy bármilyen kárért, amely a weboldal vagy az integrált harmadik féltől származó szolgáltatások használatából eredhet.</p>
<p>Nem garantáljuk, hogy a tartalom pontos, naprakész vagy hibamentes, bár folyamatosan dolgozunk a valóságtartalom és a pontosság fenntartásán.</p>
<h3>7. ADATVÉDELMI ÉS SÜTIKRE VONATKOZÓ POLITIKA</h3>
<p class="translation-block">A személyes adatok feldolgozása az <strong>általános adatvédelmi rendelet (GDPR)</strong> és a <strong>LOPDGDD</strong> szerint történik. Részletes információkért megtekintheti <a href="#" rel="noopener" target="_self">Adatvédelmi szabályzatunkat</a> és <a href="#" rel="noopener" target="_self">Sütikre vonatkozó szabályzatunkat</a>.</p>
<h3>8. ALKALMAZANDÓ JOG ÉS JOGHATÓSÁG</h3>
<p class="translation-block">Erre az oldalra a spanyol jog az irányadó. Bármilyen konfliktus vagy követelés esetén a felek kifejezetten alávetik magukat a <strong>Santa Cruz de Tenerife bíróságainak és törvényszékeinek</strong>, lemondva minden más, nekik esetleg megfelelő joghatóságról.</p>

<p>🔒 Jogi közlemény Utolsó frissítés: 2025. március 29. Az információs társadalom szolgáltatásairól és az elektronikus kereskedelemről szóló, július 11-i 34/2002. sz. törvény (LSSI-CE) 10. cikkének rendelkezéseivel összhangban a felhasználók tájékoztatást kapnak a weboldal tulajdonosának adatairól: 1.....</p>
